the remainder when 87361 is divided by 87294.
67
What is the remainder when 78819 is divided by 1086?
627
What is the remainder when 570551 is divided by 76?
19
Calculate the remainder when 61608 is divided by 6012.
1488
What is the remainder when 6281 is divided by 4600?
1681
Calculate the remainder when 5862344 is divided by 377.
371
Calculate the remainder when 305281 is divided by 75749.
2285
What is the remainder when 2348497 is divided by 1174239?
19
What is the remainder when 1889614 is divided by 649?
375
What is the remainder when 28868 is divided by 1594?
176
Calculate the remainder when 452353182 is divided by 1627.
1626
Calculate the remainder when 2085713 is divided by 168.
161
What is the remainder when 230667 is divided by 409?
400
What is the remainder when 18122788 is divided by 3656?
3652
Calculate the remainder when 446077 is divided by 310.
297
Calculate the remainder when 23810689 is divided by 11905315.
59
Calculate the remainder when 310465 is divided by 348.
49
What is the remainder when 15035 is divided by 1507?
1472
Calculate the remainder when 33127 is divided by 2544.
55
Calculate the remainder when 5130407 is divided by 4247.
31
Calculate the remainder when 712616 is divided by 504.
464
Calculate the remainder when 10457489 is divided by 144.
65
Calculate the remainder when 3262427 is divided by 2529.
17
Calculate the remainder when 1182320 is divided by 147790.
0
Calculate the remainder when 1167636 is divided by 583548.
540
What is the remainder when 460872 is divided by 38404?
24
Calculate the remainder when 329738100 is divided by 6223.
6222
What is the remainder when 950912 is divided by 16395?
2
Calculate the remainder when 2491203 is divided by 370.
363
What is the remainder when 12385 is divided by 9233?
3152
What is the remainder when 4674442 is divided by 216?
202
Calculate the remainder when 1425018 is divided by 3058.
3048
What is the remainder when 25602398 is divided by 70?
38
What is the remainder when 27811388 is divided by 1820?
1788
Calculate the remainder when 151316843 is divided by 50438923.
74
Calculate the remainder when 170410 is divided by 85142.
126
What is the remainder when 2270383 is divided by 38?
35
What is the remainder when 6149916 is divided by 2455?
141
What is the remainder when 3005106 is divided by 6664?
6306
What is the remainder when 408687 is divided by 98942?
12919
What is the remainder when 27319 is divided by 468?
175
What is the remainder when 4771539 is divided by 95430?
39
What is the remainder when 8850652 is divided by 180?
52
Calculate the remainder when 87021 is divided by 1501.
1464
Calculate the remainder when 854624 is divided by 1730.
4
Calculate the remainder when 28500209 is divided by 90.
89
What is the remainder when 839233 is divided by 92?
9
What is the remainder when 475306 is divided by 43156?
590
What is the remainder when 347819 is divided by 5351?
4
What is the remainder when 3540424 is divided by 3598?
3590
Calculate the remainder when 10350572 is divided by 94096.
12
Calculate the remainder when 11466963 is divided by 771.
651
What is the remainder when 8492653 is divided by 8492215?
438
Calculate the remainder when 785592 is divided by 2747.
2697
What is the remainder when 22537 is divided by 10053?
2431
What is the remainder when 43775214 is divided by 243?
222
What is the remainder when 10310964 is divided by 1197?
6
Calculate the remainder when 8838 is divided by 1459.
84
What is the remainder when 10457 is divided by 1270?
297
Calculate the remainder when 185069 is divided by 8410.
49
Calculate the remainder when 238631 is divided by 1671.
1349
Calculate the remainder when 13000465 is divided by 4333480.
25
Calculate the remainder when 23801173 is divided by 555.
553
Calculate the remainder when 1988 is divided by 1921.
67
Calculate the remainder when 51616522 is divided by 188.
182
What is the remainder when 93625151 is divided by 7605?
7601
Calculate the remainder when 9806613 is divided by 30.
3
Calculate the remainder when 679377 is divided by 31.
12
Calculate the remainder when 221756 is divided by 17703.
9320
What is the remainder when 13884 is divided by 13775?
109
Calculate the remainder when 8637057 is divided by 4318459.
139
Calculate the remainder when 943853 is divided by 289.
268
What is the remainder when 337843573 is divided by 5710?
3
What is the remainder when 1733119 is divided by 7912?
391
What is the remainder when 333255295 is divided by 2775?
2770
Calculate the remainder when 149748765 is divided by 234.
231
What is the remainder when 74247665 is divided by 6749784?
41
Calculate the remainder when 29773595 is divided by 35.
5
Calculate the remainder when 2239949 is divided by 64.
13
What is the remainder when 291500 is divided by 46?
44
Calculate the remainder when 293612409 is divided by 13.
12
Calculate the remainder when 434886823 is divided by 2551.
2547
What is the remainder when 2824749 is divided by 47877?
6
What is the remainder when 4444025 is divided by 287?
117
What is the remainder when 91178718 is divided by 3040?
3038
Calculate the remainder when 272395 is divided by 13.
6
Calculate the remainder when 41866 is divided by 26.
6
Calculate the remainder when 58455383 is divided by 1391.
1390
What is the remainder when 4558532895 is divided by 304?
303
Calculate the remainder when 134061 is divided by 201.
195
Calculate the remainder when 442689 is divided by 477.
33
Calculate the remainder when 159323018 is divided by 64.
10
Calculate the remainder when 4368672 is divided by 30.
12
Calculate the remainder when 352436 is divided by 59.
29
What is the remainder when 569456 is divided by 33496?
24
What is the remainder when 322636 is divided by 322629?
7
Calculate the remainder when 5000265 is divided by 5821.
26
What is the remainder when 781320 is divided by 77959?
1730
Calculate the remainder when 68280 is divided by 1692.
600
Calculate the remainder when 5227915 is divided by 548.
543
What is the remainder when 33989760 is divided by 19?
14
What is the remainder when 489581 is divided by 3377?
3293
Calculate the remainder when 3071485 is divided by 3056.
205
Calculate the remainder when 3872 is divided by 295.
37
What is the remainder when 6367173 is divided by 1120?
1093
What is the remainder when 92826784 is divided by 468822?
28
Calculate the remainder when 739679 is divided by 183.
176
Calculate the remainder when 23525 is divided by 89.
29
Calculate the remainder when 1397110 is divided by 1397088.
22
Calculate the remainder when 1551696 is divided by 30424.
72
What is the remainder when 87252226 is divided by 48?
34
What is the remainder when 680770 is divided by 226865?
175
Calculate the remainder when 81659022 is divided by 9.
6
Calculate the remainder when 113963792 is divided by 60.
32
Calculate the remainder when 155883 is divided by 262.
255
Calculate the remainder when 5724 is divided by 4621.
1103
What is the remainder when 931528 is divided by 931240?
288
Calculate the remainder when 2404317 is divided by 1185.
1137
Calculate the remainder when 32714 is divided by 816.
74
What is the remainder when 1428536 is divided by 24167?
2683
What is the remainder when 234784 is divided by 78254?
22
Calculate the remainder when 79024 is divided by 15301.
2519
Calculate the remainder when 18898 is divided by 7.
5
What is the remainder when 267421 is divided by 187?
11
Calculate the remainder when 62277334 is divided by 3.
1
Calculate the remainder when 166676 is divided by 33335.
1
What is the remainder when 1043573 is divided by 324?
293
What is the remainder when 810152 is divided by 1572?
572
What is the remainder when 12344984 is divided by 888?
8
What is the remainder when 26238 is divided by 5237?
53
Calculate the remainder when 149142 is divided by 51.
18
Calculate the remainder when 439584183 is divided by 146528054.
21
What is the remainder when 5607376 is divided by 78977?
9
What is the remainder when 3964762 is divided by 165198?
10
What is the remainder when 3426 is divided by 2520?
906
Calculate the remainder when 120314 is divided by 13365.
29
What is the remainder when 12491470 is divided by 284?
14
What is the remainder when 2267871 is divided by 3073?
3070
What is the remainder when 34